{"id":30,"date":"2025-05-26T14:45:45","date_gmt":"2025-05-26T17:45:45","guid":{"rendered":"https:\/\/vagasbr.com.br\/?page_id=30"},"modified":"2025-05-26T14:47:03","modified_gmt":"2025-05-26T17:47:03","slug":"sobre-o-vagasempregosp","status":"publish","type":"page","link":"https:\/\/www.vagasbr.com.br\/index.php\/sobre-o-vagasempregosp\/","title":{"rendered":"Sobre o VagasEmpregoSP"},"content":{"rendered":"<p><img loading=\"lazy\" decoding=\"async\" class=\"alignnone size-full wp-image-31\" src=\"http:\/\/vagasbr.com.br\/wp-content\/uploads\/2025\/05\/vagas-emprego-sp-1.jpg\" alt=\"VagasEmpregoSP\" width=\"323\" height=\"90\" srcset=\"https:\/\/www.vagasbr.com.br\/wp-content\/uploads\/2025\/05\/vagas-emprego-sp-1.jpg 323w, https:\/\/www.vagasbr.com.br\/wp-content\/uploads\/2025\/05\/vagas-emprego-sp-1-300x84.jpg 300w\" sizes=\"auto, (max-width: 323px) 100vw, 323px\" \/><\/p>\n<p style=\"text-align: justify;\">Sua empresa est\u00e1 contratando no estado de SP? Ent\u00e3o divulgue gratuitamente suas vagas em aberto no VagasEmpregoSP! O site foi lan\u00e7ado em 2011 e \u00e9 um dos maiores sites gratuitos no segmento de empregabilidade voltado para o mercado de S\u00e3o Paulo. Conhecido entre os recrutadores e entre os candidatos, o site replica suas publica\u00e7\u00f5es em diversas m\u00eddias sociais, o que aumenta o alcance das vagas anunciadas.<\/p>\n<p style=\"text-align: justify;\">Al\u00e9m da publica\u00e7\u00e3o gratuita o site tamb\u00e9m oferece a publica\u00e7\u00e3o com destaque diferenciado por uma taxa simb\u00f3lica desde 2016. A publica\u00e7\u00e3o b\u00e1sica \u00e9 e continuar\u00e1 sendo gratuita enquanto o site existir.<\/p>\n<p style=\"text-align: justify;\">Divulgue suas vagas agora mesmo acessando:<\/p>\n<p style=\"text-align: justify;\"><a href=\"https:\/\/www.vagasempregosp.com.br\">https:\/\/www.vagasempregosp.com.br<\/a><\/p>\n","protected":false},"excerpt":{"rendered":"<p>Sua empresa est\u00e1 contratando no estado de SP? Ent\u00e3o divulgue gratuitamente suas vagas em aberto no VagasEmpregoSP! O site foi lan\u00e7ado em 2011 e \u00e9 um dos maiores sites gratuitos no segmento de empregabilidade voltado para o mercado de S\u00e3o Paulo. Conhecido entre os recrutadores e entre os candidatos, o site replica suas publica\u00e7\u00f5es em [&hellip;]<\/p>\n","protected":false},"author":1,"featured_media":0,"parent":0,"menu_order":0,"comment_status":"closed","ping_status":"closed","template":"","meta":{"footnotes":""},"class_list":["post-30","page","type-page","status-publish","hentry"],"yoast_head":"<!-- This site is optimized with the Yoast SEO plugin v27.3 - https:\/\/yoast.com\/product\/yoast-seo-wordpress\/ -->\n<title>Sobre o VagasEmpregoSP - VagasBR<\/title>\n<meta name=\"robots\" content=\"index, follow, max-snippet:-1, max-image-preview:large, max-video-preview:-1\" \/>\n<link rel=\"canonical\" href=\"https:\/\/www.vagasbr.com.br\/index.php\/sobre-o-vagasempregosp\/\" \/>\n<meta property=\"og:locale\" content=\"pt_BR\" \/>\n<meta property=\"og:type\" content=\"article\" \/>\n<meta property=\"og:title\" content=\"Sobre o VagasEmpregoSP - VagasBR\" \/>\n<meta property=\"og:description\" content=\"Sua empresa est\u00e1 contratando no estado de SP? Ent\u00e3o divulgue gratuitamente suas vagas em aberto no VagasEmpregoSP! O site foi lan\u00e7ado em 2011 e \u00e9 um dos maiores sites gratuitos no segmento de empregabilidade voltado para o mercado de S\u00e3o Paulo. Conhecido entre os recrutadores e entre os candidatos, o site replica suas publica\u00e7\u00f5es em [&hellip;]\" \/>\n<meta property=\"og:url\" content=\"https:\/\/www.vagasbr.com.br\/index.php\/sobre-o-vagasempregosp\/\" \/>\n<meta property=\"og:site_name\" content=\"VagasBR\" \/>\n<meta property=\"article:modified_time\" content=\"2025-05-26T17:47:03+00:00\" \/>\n<meta property=\"og:image\" content=\"http:\/\/vagasbr.com.br\/wp-content\/uploads\/2025\/05\/vagas-emprego-sp-1.jpg\" \/>\n<meta name=\"twitter:card\" content=\"summary_large_image\" \/>\n<meta name=\"twitter:label1\" content=\"Est. tempo de leitura\" \/>\n\t<meta name=\"twitter:data1\" content=\"1 minuto\" \/>\n<script type=\"application\/ld+json\" class=\"yoast-schema-graph\">{\"@context\":\"https:\\\/\\\/schema.org\",\"@graph\":[{\"@type\":\"WebPage\",\"@id\":\"https:\\\/\\\/www.vagasbr.com.br\\\/index.php\\\/sobre-o-vagasempregosp\\\/\",\"url\":\"https:\\\/\\\/www.vagasbr.com.br\\\/index.php\\\/sobre-o-vagasempregosp\\\/\",\"name\":\"Sobre o VagasEmpregoSP - VagasBR\",\"isPartOf\":{\"@id\":\"https:\\\/\\\/www.vagasbr.com.br\\\/#website\"},\"primaryImageOfPage\":{\"@id\":\"https:\\\/\\\/www.vagasbr.com.br\\\/index.php\\\/sobre-o-vagasempregosp\\\/#primaryimage\"},\"image\":{\"@id\":\"https:\\\/\\\/www.vagasbr.com.br\\\/index.php\\\/sobre-o-vagasempregosp\\\/#primaryimage\"},\"thumbnailUrl\":\"http:\\\/\\\/vagasbr.com.br\\\/wp-content\\\/uploads\\\/2025\\\/05\\\/vagas-emprego-sp-1.jpg\",\"datePublished\":\"2025-05-26T17:45:45+00:00\",\"dateModified\":\"2025-05-26T17:47:03+00:00\",\"breadcrumb\":{\"@id\":\"https:\\\/\\\/www.vagasbr.com.br\\\/index.php\\\/sobre-o-vagasempregosp\\\/#breadcrumb\"},\"inLanguage\":\"pt-BR\",\"potentialAction\":[{\"@type\":\"ReadAction\",\"target\":[\"https:\\\/\\\/www.vagasbr.com.br\\\/index.php\\\/sobre-o-vagasempregosp\\\/\"]}]},{\"@type\":\"ImageObject\",\"inLanguage\":\"pt-BR\",\"@id\":\"https:\\\/\\\/www.vagasbr.com.br\\\/index.php\\\/sobre-o-vagasempregosp\\\/#primaryimage\",\"url\":\"http:\\\/\\\/vagasbr.com.br\\\/wp-content\\\/uploads\\\/2025\\\/05\\\/vagas-emprego-sp-1.jpg\",\"contentUrl\":\"http:\\\/\\\/vagasbr.com.br\\\/wp-content\\\/uploads\\\/2025\\\/05\\\/vagas-emprego-sp-1.jpg\"},{\"@type\":\"BreadcrumbList\",\"@id\":\"https:\\\/\\\/www.vagasbr.com.br\\\/index.php\\\/sobre-o-vagasempregosp\\\/#breadcrumb\",\"itemListElement\":[{\"@type\":\"ListItem\",\"position\":1,\"name\":\"Home\",\"item\":\"https:\\\/\\\/www.vagasbr.com.br\\\/\"},{\"@type\":\"ListItem\",\"position\":2,\"name\":\"Sobre o VagasEmpregoSP\"}]},{\"@type\":\"WebSite\",\"@id\":\"https:\\\/\\\/www.vagasbr.com.br\\\/#website\",\"url\":\"https:\\\/\\\/www.vagasbr.com.br\\\/\",\"name\":\"VagasBR\",\"description\":\"Divulga\u00e7\u00e3o Gr\u00e1tis de Vagas de Emprego\",\"publisher\":{\"@id\":\"https:\\\/\\\/www.vagasbr.com.br\\\/#organization\"},\"potentialAction\":[{\"@type\":\"SearchAction\",\"target\":{\"@type\":\"EntryPoint\",\"urlTemplate\":\"https:\\\/\\\/www.vagasbr.com.br\\\/?s={search_term_string}\"},\"query-input\":{\"@type\":\"PropertyValueSpecification\",\"valueRequired\":true,\"valueName\":\"search_term_string\"}}],\"inLanguage\":\"pt-BR\"},{\"@type\":\"Organization\",\"@id\":\"https:\\\/\\\/www.vagasbr.com.br\\\/#organization\",\"name\":\"VagasBR\",\"url\":\"https:\\\/\\\/www.vagasbr.com.br\\\/\",\"logo\":{\"@type\":\"ImageObject\",\"inLanguage\":\"pt-BR\",\"@id\":\"https:\\\/\\\/www.vagasbr.com.br\\\/#\\\/schema\\\/logo\\\/image\\\/\",\"url\":\"https:\\\/\\\/www.vagasbr.com.br\\\/wp-content\\\/uploads\\\/2025\\\/05\\\/vbr-logo-1-1.jpg\",\"contentUrl\":\"https:\\\/\\\/www.vagasbr.com.br\\\/wp-content\\\/uploads\\\/2025\\\/05\\\/vbr-logo-1-1.jpg\",\"width\":229,\"height\":65,\"caption\":\"VagasBR\"},\"image\":{\"@id\":\"https:\\\/\\\/www.vagasbr.com.br\\\/#\\\/schema\\\/logo\\\/image\\\/\"}}]}<\/script>\n<!-- \/ Yoast SEO plugin. -->","yoast_head_json":{"title":"Sobre o VagasEmpregoSP - VagasBR","robots":{"index":"index","follow":"follow","max-snippet":"max-snippet:-1","max-image-preview":"max-image-preview:large","max-video-preview":"max-video-preview:-1"},"canonical":"https:\/\/www.vagasbr.com.br\/index.php\/sobre-o-vagasempregosp\/","og_locale":"pt_BR","og_type":"article","og_title":"Sobre o VagasEmpregoSP - VagasBR","og_description":"Sua empresa est\u00e1 contratando no estado de SP? Ent\u00e3o divulgue gratuitamente suas vagas em aberto no VagasEmpregoSP! O site foi lan\u00e7ado em 2011 e \u00e9 um dos maiores sites gratuitos no segmento de empregabilidade voltado para o mercado de S\u00e3o Paulo. Conhecido entre os recrutadores e entre os candidatos, o site replica suas publica\u00e7\u00f5es em [&hellip;]","og_url":"https:\/\/www.vagasbr.com.br\/index.php\/sobre-o-vagasempregosp\/","og_site_name":"VagasBR","article_modified_time":"2025-05-26T17:47:03+00:00","og_image":[{"url":"http:\/\/vagasbr.com.br\/wp-content\/uploads\/2025\/05\/vagas-emprego-sp-1.jpg","type":"","width":"","height":""}],"twitter_card":"summary_large_image","twitter_misc":{"Est. tempo de leitura":"1 minuto"},"schema":{"@context":"https:\/\/schema.org","@graph":[{"@type":"WebPage","@id":"https:\/\/www.vagasbr.com.br\/index.php\/sobre-o-vagasempregosp\/","url":"https:\/\/www.vagasbr.com.br\/index.php\/sobre-o-vagasempregosp\/","name":"Sobre o VagasEmpregoSP - VagasBR","isPartOf":{"@id":"https:\/\/www.vagasbr.com.br\/#website"},"primaryImageOfPage":{"@id":"https:\/\/www.vagasbr.com.br\/index.php\/sobre-o-vagasempregosp\/#primaryimage"},"image":{"@id":"https:\/\/www.vagasbr.com.br\/index.php\/sobre-o-vagasempregosp\/#primaryimage"},"thumbnailUrl":"http:\/\/vagasbr.com.br\/wp-content\/uploads\/2025\/05\/vagas-emprego-sp-1.jpg","datePublished":"2025-05-26T17:45:45+00:00","dateModified":"2025-05-26T17:47:03+00:00","breadcrumb":{"@id":"https:\/\/www.vagasbr.com.br\/index.php\/sobre-o-vagasempregosp\/#breadcrumb"},"inLanguage":"pt-BR","potentialAction":[{"@type":"ReadAction","target":["https:\/\/www.vagasbr.com.br\/index.php\/sobre-o-vagasempregosp\/"]}]},{"@type":"ImageObject","inLanguage":"pt-BR","@id":"https:\/\/www.vagasbr.com.br\/index.php\/sobre-o-vagasempregosp\/#primaryimage","url":"http:\/\/vagasbr.com.br\/wp-content\/uploads\/2025\/05\/vagas-emprego-sp-1.jpg","contentUrl":"http:\/\/vagasbr.com.br\/wp-content\/uploads\/2025\/05\/vagas-emprego-sp-1.jpg"},{"@type":"BreadcrumbList","@id":"https:\/\/www.vagasbr.com.br\/index.php\/sobre-o-vagasempregosp\/#breadcrumb","itemListElement":[{"@type":"ListItem","position":1,"name":"Home","item":"https:\/\/www.vagasbr.com.br\/"},{"@type":"ListItem","position":2,"name":"Sobre o VagasEmpregoSP"}]},{"@type":"WebSite","@id":"https:\/\/www.vagasbr.com.br\/#website","url":"https:\/\/www.vagasbr.com.br\/","name":"VagasBR","description":"Divulga\u00e7\u00e3o Gr\u00e1tis de Vagas de Emprego","publisher":{"@id":"https:\/\/www.vagasbr.com.br\/#organization"},"potentialAction":[{"@type":"SearchAction","target":{"@type":"EntryPoint","urlTemplate":"https:\/\/www.vagasbr.com.br\/?s={search_term_string}"},"query-input":{"@type":"PropertyValueSpecification","valueRequired":true,"valueName":"search_term_string"}}],"inLanguage":"pt-BR"},{"@type":"Organization","@id":"https:\/\/www.vagasbr.com.br\/#organization","name":"VagasBR","url":"https:\/\/www.vagasbr.com.br\/","logo":{"@type":"ImageObject","inLanguage":"pt-BR","@id":"https:\/\/www.vagasbr.com.br\/#\/schema\/logo\/image\/","url":"https:\/\/www.vagasbr.com.br\/wp-content\/uploads\/2025\/05\/vbr-logo-1-1.jpg","contentUrl":"https:\/\/www.vagasbr.com.br\/wp-content\/uploads\/2025\/05\/vbr-logo-1-1.jpg","width":229,"height":65,"caption":"VagasBR"},"image":{"@id":"https:\/\/www.vagasbr.com.br\/#\/schema\/logo\/image\/"}}]}},"_links":{"self":[{"href":"https:\/\/www.vagasbr.com.br\/index.php\/wp-json\/wp\/v2\/pages\/30","targetHints":{"allow":["GET"]}}],"collection":[{"href":"https:\/\/www.vagasbr.com.br\/index.php\/wp-json\/wp\/v2\/pages"}],"about":[{"href":"https:\/\/www.vagasbr.com.br\/index.php\/wp-json\/wp\/v2\/types\/page"}],"author":[{"embeddable":true,"href":"https:\/\/www.vagasbr.com.br\/index.php\/wp-json\/wp\/v2\/users\/1"}],"replies":[{"embeddable":true,"href":"https:\/\/www.vagasbr.com.br\/index.php\/wp-json\/wp\/v2\/comments?post=30"}],"version-history":[{"count":2,"href":"https:\/\/www.vagasbr.com.br\/index.php\/wp-json\/wp\/v2\/pages\/30\/revisions"}],"predecessor-version":[{"id":33,"href":"https:\/\/www.vagasbr.com.br\/index.php\/wp-json\/wp\/v2\/pages\/30\/revisions\/33"}],"wp:attachment":[{"href":"https:\/\/www.vagasbr.com.br\/index.php\/wp-json\/wp\/v2\/media?parent=30"}],"curies":[{"name":"wp","href":"https:\/\/api.w.org\/{rel}","templated":true}]}}