{"id":18,"date":"2025-05-26T14:29:58","date_gmt":"2025-05-26T17:29:58","guid":{"rendered":"https:\/\/vagasbr.com.br\/?page_id=18"},"modified":"2025-05-26T14:42:25","modified_gmt":"2025-05-26T17:42:25","slug":"seja-bem-vindo","status":"publish","type":"page","link":"https:\/\/www.vagasbr.com.br\/","title":{"rendered":"Seja Bem-Vindo"},"content":{"rendered":"<p style=\"text-align: justify;\"><img loading=\"lazy\" decoding=\"async\" class=\"size-full wp-image-22 alignleft\" src=\"http:\/\/vagasbr.com.br\/wp-content\/uploads\/2025\/05\/sites-rj-rs-pr.jpg\" alt=\"Vagas Rio - Vagas POA - Vagas Paran\u00e1\" width=\"280\" height=\"343\" srcset=\"https:\/\/www.vagasbr.com.br\/wp-content\/uploads\/2025\/05\/sites-rj-rs-pr.jpg 280w, https:\/\/www.vagasbr.com.br\/wp-content\/uploads\/2025\/05\/sites-rj-rs-pr-245x300.jpg 245w\" sizes=\"auto, (max-width: 280px) 100vw, 280px\" \/>Este \u00e9 o site da rede Vagas BR, a maior rede de sites brasileiros gratuitos voltados \u00e0 empregabilidade. Mantemos diversos sites onde os recrutadores podem divulgar gratuitamente suas oportunidades de emprego e os candidatos podem consultar e apresentar candidatura de forma igualmente gratuita, sem necessidade sequer de cadastro. Al\u00e9m desses mantemos tamb\u00e9m sites com dicas de carreira, qualifica\u00e7\u00e3o, elabora\u00e7\u00e3o de curr\u00edculo e at\u00e9 mesmo de como se portar em entrevistas e processos seletivos.<\/p>\n<p style=\"text-align: justify;\">As regras para divulga\u00e7\u00e3o de vagas em nossos sites variam ligeiramente de um site para o outro, sendo assim sugerimos<\/p>\n<p style=\"text-align: justify;\">que os recrutadores leiam sempre as regras no site em que for de seu interesse efetuar a divulga\u00e7\u00e3o. Para vagas dif\u00edceis de preencher ou extremamente urgentes n\u00f3s oferecemos um servi\u00e7o de publica\u00e7\u00e3o com destaque <strong>inteiramente opcional<\/strong> e por uma taxa simb\u00f3lica.<\/p>\n<p style=\"text-align: justify;\"><img loading=\"lazy\" decoding=\"async\" class=\"size-full wp-image-24 alignright\" src=\"http:\/\/vagasbr.com.br\/wp-content\/uploads\/2025\/05\/sites-sp-sc-ne.jpg\" alt=\"Vagas Emprego SP - Vagas Emprego SC - Vagas Emprego Nordeste\" width=\"280\" height=\"294\" \/>Aqui voc\u00ea tamb\u00e9m pode anunciar diretamente em todos os sites, o que \u00e9 uma excelente op\u00e7\u00e3o para recrutadores de empresas que atuam em diversas Unidades da Federa\u00e7\u00e3o. Al\u00e9m disso por aqui voc\u00ea tamb\u00e9m acessa as not\u00edcias de nossa rede e fica sabendo das novidades assim que elas s\u00e3o lan\u00e7adas ou at\u00e9 antes de serem implementadas, basta clicar no item \u2018not\u00edcias\u2019 presente no menu superior do site.<\/p>\n","protected":false},"excerpt":{"rendered":"<p>Este \u00e9 o site da rede Vagas BR, a maior rede de sites brasileiros gratuitos voltados \u00e0 empregabilidade. Mantemos diversos sites onde os recrutadores podem divulgar gratuitamente suas oportunidades de emprego e os candidatos podem consultar e apresentar candidatura de forma igualmente gratuita, sem necessidade sequer de cadastro. Al\u00e9m desses mantemos tamb\u00e9m sites com dicas [&hellip;]<\/p>\n","protected":false},"author":1,"featured_media":0,"parent":0,"menu_order":0,"comment_status":"closed","ping_status":"closed","template":"","meta":{"footnotes":""},"class_list":["post-18","page","type-page","status-publish","hentry"],"yoast_head":"<!-- This site is optimized with the Yoast SEO plugin v27.3 - https:\/\/yoast.com\/product\/yoast-seo-wordpress\/ -->\n<title>Seja Bem-Vindo - VagasBR<\/title>\n<meta name=\"robots\" content=\"index, follow, max-snippet:-1, max-image-preview:large, max-video-preview:-1\" \/>\n<link rel=\"canonical\" href=\"https:\/\/www.vagasbr.com.br\/\" \/>\n<meta property=\"og:locale\" content=\"pt_BR\" \/>\n<meta property=\"og:type\" content=\"article\" \/>\n<meta property=\"og:title\" content=\"Seja Bem-Vindo - VagasBR\" \/>\n<meta property=\"og:description\" content=\"Este \u00e9 o site da rede Vagas BR, a maior rede de sites brasileiros gratuitos voltados \u00e0 empregabilidade. Mantemos diversos sites onde os recrutadores podem divulgar gratuitamente suas oportunidades de emprego e os candidatos podem consultar e apresentar candidatura de forma igualmente gratuita, sem necessidade sequer de cadastro. Al\u00e9m desses mantemos tamb\u00e9m sites com dicas [&hellip;]\" \/>\n<meta property=\"og:url\" content=\"https:\/\/www.vagasbr.com.br\/\" \/>\n<meta property=\"og:site_name\" content=\"VagasBR\" \/>\n<meta property=\"article:modified_time\" content=\"2025-05-26T17:42:25+00:00\" \/>\n<meta property=\"og:image\" content=\"http:\/\/vagasbr.com.br\/wp-content\/uploads\/2025\/05\/sites-rj-rs-pr.jpg\" \/>\n<meta name=\"twitter:card\" content=\"summary_large_image\" \/>\n<meta name=\"twitter:label1\" content=\"Est. tempo de leitura\" \/>\n\t<meta name=\"twitter:data1\" content=\"2 minutos\" \/>\n<script type=\"application\/ld+json\" class=\"yoast-schema-graph\">{\"@context\":\"https:\\\/\\\/schema.org\",\"@graph\":[{\"@type\":\"WebPage\",\"@id\":\"https:\\\/\\\/www.vagasbr.com.br\\\/\",\"url\":\"https:\\\/\\\/www.vagasbr.com.br\\\/\",\"name\":\"Seja Bem-Vindo - VagasBR\",\"isPartOf\":{\"@id\":\"https:\\\/\\\/www.vagasbr.com.br\\\/#website\"},\"primaryImageOfPage\":{\"@id\":\"https:\\\/\\\/www.vagasbr.com.br\\\/#primaryimage\"},\"image\":{\"@id\":\"https:\\\/\\\/www.vagasbr.com.br\\\/#primaryimage\"},\"thumbnailUrl\":\"http:\\\/\\\/vagasbr.com.br\\\/wp-content\\\/uploads\\\/2025\\\/05\\\/sites-rj-rs-pr.jpg\",\"datePublished\":\"2025-05-26T17:29:58+00:00\",\"dateModified\":\"2025-05-26T17:42:25+00:00\",\"breadcrumb\":{\"@id\":\"https:\\\/\\\/www.vagasbr.com.br\\\/#breadcrumb\"},\"inLanguage\":\"pt-BR\",\"potentialAction\":[{\"@type\":\"ReadAction\",\"target\":[\"https:\\\/\\\/www.vagasbr.com.br\\\/\"]}]},{\"@type\":\"ImageObject\",\"inLanguage\":\"pt-BR\",\"@id\":\"https:\\\/\\\/www.vagasbr.com.br\\\/#primaryimage\",\"url\":\"http:\\\/\\\/vagasbr.com.br\\\/wp-content\\\/uploads\\\/2025\\\/05\\\/sites-rj-rs-pr.jpg\",\"contentUrl\":\"http:\\\/\\\/vagasbr.com.br\\\/wp-content\\\/uploads\\\/2025\\\/05\\\/sites-rj-rs-pr.jpg\"},{\"@type\":\"BreadcrumbList\",\"@id\":\"https:\\\/\\\/www.vagasbr.com.br\\\/#breadcrumb\",\"itemListElement\":[{\"@type\":\"ListItem\",\"position\":1,\"name\":\"Home\",\"item\":\"https:\\\/\\\/www.vagasbr.com.br\\\/\"},{\"@type\":\"ListItem\",\"position\":2,\"name\":\"Seja Bem-Vindo\"}]},{\"@type\":\"WebSite\",\"@id\":\"https:\\\/\\\/www.vagasbr.com.br\\\/#website\",\"url\":\"https:\\\/\\\/www.vagasbr.com.br\\\/\",\"name\":\"VagasBR\",\"description\":\"Divulga\u00e7\u00e3o Gr\u00e1tis de Vagas de Emprego\",\"publisher\":{\"@id\":\"https:\\\/\\\/www.vagasbr.com.br\\\/#organization\"},\"potentialAction\":[{\"@type\":\"SearchAction\",\"target\":{\"@type\":\"EntryPoint\",\"urlTemplate\":\"https:\\\/\\\/www.vagasbr.com.br\\\/?s={search_term_string}\"},\"query-input\":{\"@type\":\"PropertyValueSpecification\",\"valueRequired\":true,\"valueName\":\"search_term_string\"}}],\"inLanguage\":\"pt-BR\"},{\"@type\":\"Organization\",\"@id\":\"https:\\\/\\\/www.vagasbr.com.br\\\/#organization\",\"name\":\"VagasBR\",\"url\":\"https:\\\/\\\/www.vagasbr.com.br\\\/\",\"logo\":{\"@type\":\"ImageObject\",\"inLanguage\":\"pt-BR\",\"@id\":\"https:\\\/\\\/www.vagasbr.com.br\\\/#\\\/schema\\\/logo\\\/image\\\/\",\"url\":\"https:\\\/\\\/www.vagasbr.com.br\\\/wp-content\\\/uploads\\\/2025\\\/05\\\/vbr-logo-1-1.jpg\",\"contentUrl\":\"https:\\\/\\\/www.vagasbr.com.br\\\/wp-content\\\/uploads\\\/2025\\\/05\\\/vbr-logo-1-1.jpg\",\"width\":229,\"height\":65,\"caption\":\"VagasBR\"},\"image\":{\"@id\":\"https:\\\/\\\/www.vagasbr.com.br\\\/#\\\/schema\\\/logo\\\/image\\\/\"}}]}<\/script>\n<!-- \/ Yoast SEO plugin. -->","yoast_head_json":{"title":"Seja Bem-Vindo - VagasBR","robots":{"index":"index","follow":"follow","max-snippet":"max-snippet:-1","max-image-preview":"max-image-preview:large","max-video-preview":"max-video-preview:-1"},"canonical":"https:\/\/www.vagasbr.com.br\/","og_locale":"pt_BR","og_type":"article","og_title":"Seja Bem-Vindo - VagasBR","og_description":"Este \u00e9 o site da rede Vagas BR, a maior rede de sites brasileiros gratuitos voltados \u00e0 empregabilidade. Mantemos diversos sites onde os recrutadores podem divulgar gratuitamente suas oportunidades de emprego e os candidatos podem consultar e apresentar candidatura de forma igualmente gratuita, sem necessidade sequer de cadastro. Al\u00e9m desses mantemos tamb\u00e9m sites com dicas [&hellip;]","og_url":"https:\/\/www.vagasbr.com.br\/","og_site_name":"VagasBR","article_modified_time":"2025-05-26T17:42:25+00:00","og_image":[{"url":"http:\/\/vagasbr.com.br\/wp-content\/uploads\/2025\/05\/sites-rj-rs-pr.jpg","type":"","width":"","height":""}],"twitter_card":"summary_large_image","twitter_misc":{"Est. tempo de leitura":"2 minutos"},"schema":{"@context":"https:\/\/schema.org","@graph":[{"@type":"WebPage","@id":"https:\/\/www.vagasbr.com.br\/","url":"https:\/\/www.vagasbr.com.br\/","name":"Seja Bem-Vindo - VagasBR","isPartOf":{"@id":"https:\/\/www.vagasbr.com.br\/#website"},"primaryImageOfPage":{"@id":"https:\/\/www.vagasbr.com.br\/#primaryimage"},"image":{"@id":"https:\/\/www.vagasbr.com.br\/#primaryimage"},"thumbnailUrl":"http:\/\/vagasbr.com.br\/wp-content\/uploads\/2025\/05\/sites-rj-rs-pr.jpg","datePublished":"2025-05-26T17:29:58+00:00","dateModified":"2025-05-26T17:42:25+00:00","breadcrumb":{"@id":"https:\/\/www.vagasbr.com.br\/#breadcrumb"},"inLanguage":"pt-BR","potentialAction":[{"@type":"ReadAction","target":["https:\/\/www.vagasbr.com.br\/"]}]},{"@type":"ImageObject","inLanguage":"pt-BR","@id":"https:\/\/www.vagasbr.com.br\/#primaryimage","url":"http:\/\/vagasbr.com.br\/wp-content\/uploads\/2025\/05\/sites-rj-rs-pr.jpg","contentUrl":"http:\/\/vagasbr.com.br\/wp-content\/uploads\/2025\/05\/sites-rj-rs-pr.jpg"},{"@type":"BreadcrumbList","@id":"https:\/\/www.vagasbr.com.br\/#breadcrumb","itemListElement":[{"@type":"ListItem","position":1,"name":"Home","item":"https:\/\/www.vagasbr.com.br\/"},{"@type":"ListItem","position":2,"name":"Seja Bem-Vindo"}]},{"@type":"WebSite","@id":"https:\/\/www.vagasbr.com.br\/#website","url":"https:\/\/www.vagasbr.com.br\/","name":"VagasBR","description":"Divulga\u00e7\u00e3o Gr\u00e1tis de Vagas de Emprego","publisher":{"@id":"https:\/\/www.vagasbr.com.br\/#organization"},"potentialAction":[{"@type":"SearchAction","target":{"@type":"EntryPoint","urlTemplate":"https:\/\/www.vagasbr.com.br\/?s={search_term_string}"},"query-input":{"@type":"PropertyValueSpecification","valueRequired":true,"valueName":"search_term_string"}}],"inLanguage":"pt-BR"},{"@type":"Organization","@id":"https:\/\/www.vagasbr.com.br\/#organization","name":"VagasBR","url":"https:\/\/www.vagasbr.com.br\/","logo":{"@type":"ImageObject","inLanguage":"pt-BR","@id":"https:\/\/www.vagasbr.com.br\/#\/schema\/logo\/image\/","url":"https:\/\/www.vagasbr.com.br\/wp-content\/uploads\/2025\/05\/vbr-logo-1-1.jpg","contentUrl":"https:\/\/www.vagasbr.com.br\/wp-content\/uploads\/2025\/05\/vbr-logo-1-1.jpg","width":229,"height":65,"caption":"VagasBR"},"image":{"@id":"https:\/\/www.vagasbr.com.br\/#\/schema\/logo\/image\/"}}]}},"_links":{"self":[{"href":"https:\/\/www.vagasbr.com.br\/index.php\/wp-json\/wp\/v2\/pages\/18","targetHints":{"allow":["GET"]}}],"collection":[{"href":"https:\/\/www.vagasbr.com.br\/index.php\/wp-json\/wp\/v2\/pages"}],"about":[{"href":"https:\/\/www.vagasbr.com.br\/index.php\/wp-json\/wp\/v2\/types\/page"}],"author":[{"embeddable":true,"href":"https:\/\/www.vagasbr.com.br\/index.php\/wp-json\/wp\/v2\/users\/1"}],"replies":[{"embeddable":true,"href":"https:\/\/www.vagasbr.com.br\/index.php\/wp-json\/wp\/v2\/comments?post=18"}],"version-history":[{"count":7,"href":"https:\/\/www.vagasbr.com.br\/index.php\/wp-json\/wp\/v2\/pages\/18\/revisions"}],"predecessor-version":[{"id":29,"href":"https:\/\/www.vagasbr.com.br\/index.php\/wp-json\/wp\/v2\/pages\/18\/revisions\/29"}],"wp:attachment":[{"href":"https:\/\/www.vagasbr.com.br\/index.php\/wp-json\/wp\/v2\/media?parent=18"}],"curies":[{"name":"wp","href":"https:\/\/api.w.org\/{rel}","templated":true}]}}